{"id":149,"date":"2010-12-14T15:06:21","date_gmt":"2010-12-14T15:06:21","guid":{"rendered":"http:\/\/eyjolfur.is\/?page_id=149"},"modified":"2023-05-27T08:59:53","modified_gmt":"2023-05-27T08:59:53","slug":"bruksbilar","status":"publish","type":"page","link":"http:\/\/eyjolfur.is\/?page_id=149","title":{"rendered":"Br\u00faksb\u00edlar"},"content":{"rendered":"<p>H\u00e9r er yfirlit yfir b\u00edlana sem \u00e9g hef \u00e1tt \u00ed gegum t\u00ed\u00f0ina. M\u00f6gulega hafa einhverjir gleymst, t.d. fann \u00e9g afsal fr\u00e1 J\u00f3a Vigg\u00f3ssyni l\u00f6ggu (\u00ed K\u00f3pavogi) \u00fear sem hann selur m\u00e9r Y-137 Opel Kadett, en \u00e9g man ekkert eftir \u00feeim b\u00edl. Tr\u00falega hefur s\u00e1 b\u00edll runni\u00f0 upp \u00ed Skoda Pardus, tr\u00falega ekki vi\u00f0eigandi a\u00f0 starfsma\u00f0ur J\u00f6furs \u00e6ki \u00e1 Opel. Einnig vantar myndir af einhverjum \u00feeirra.<\/p>\n<p style=\"text-align: left;\">01 &#8211; <a href=\"http:\/\/eyjolfur.is\/?page_id=1832\">53 Mercury<\/a><br \/>\n02 &#8211; <a href=\"http:\/\/eyjolfur.is\/?page_id=1879\">56 Ford<\/a><br \/>\n03 &#8211; <a href=\"http:\/\/eyjolfur.is\/?page_id=1848\">58 Ford<\/a><br \/>\n04 &#8211; <a href=\"http:\/\/eyjolfur.is\/?page_id=2332\">62 Opel<\/a><br \/>\n05 &#8211; <a href=\"http:\/\/eyjolfur.is\/?page_id=2336\">Opel Kadett<\/a><br \/>\n06 &#8211; <a href=\"http:\/\/eyjolfur.is\/?page_id=1946\">58 Opel<\/a><br \/>\n07 &#8211; <a href=\"http:\/\/eyjolfur.is\/?page_id=2343\">Skoda 110 R Pardus<\/a><br \/>\n08 &#8211; <a href=\"http:\/\/eyjolfur.is\/?page_id=1865\">Skoda 130 GL &#8211; E-l\u00ednan<\/a><br \/>\n09 &#8211; <a href=\"http:\/\/eyjolfur.is\/?page_id=1854\">Alfa Romeo Alfasud ti<\/a><br \/>\n10 &#8211; <a href=\"http:\/\/eyjolfur.is\/?page_id=2363\">Chrysler LeBaron<\/a><br \/>\n11 &#8211; <a href=\"http:\/\/eyjolfur.is\/?page_id=2365\">1979 Dodge Ramcharger<\/a><br \/>\n12 &#8211; Plymouth 024 &#8211; (Dodge Charger)<br \/>\n13 &#8211; Alfa Romeo Alfa 33 4&#215;4<br \/>\n14 &#8211; 1981 Dodge Ramcharger<br \/>\n15 &#8211; Alfa Romeo Alfasud ti<br \/>\n16 &#8211; Alfa Romeo Sprint<br \/>\n17 &#8211; Dodge Aries<br \/>\n18 &#8211; <a href=\"http:\/\/eyjolfur.is\/?page_id=1845\">Dodge Daytona<\/a><br \/>\n19 &#8211; <a href=\"http:\/\/eyjolfur.is\/?page_id=1836\">Chrysler TC<\/a><br \/>\n20 &#8211; 1987 Dodge Ramcharger<br \/>\n21 &#8211; Dodge Van<br \/>\n22 &#8211; Chrysler Voyager AWD<br \/>\n23 &#8211; 1990 Dodge Van 4&#215;4<br \/>\n24 &#8211; Jeep Wagoneer MA 871<br \/>\n25 &#8211; Peugeot 505GTI<br \/>\n26 &#8211; Honda Aerodeck<br \/>\n27 &#8211; Jeep Wagoneer AV 969<span style=\"font-size: inherit;\">&nbsp;<br \/>\n<\/span>28 &#8211; Mitsubishi Lancer<br \/>\n29 &#8211; Jeep Wagoneer US 818<br \/>\n30 &#8211; Suzuki Sidekick<br \/>\n31 &#8211; Nissan Terrano<br \/>\n32 &#8211; Nissan Terrano UF 187<br \/>\n33 &#8211; MMC Pajero<br \/>\n34 &#8211; Mercedes Benz M270<br \/>\n35 &#8211; Subaru Outback<br \/>\n36 &#8211; Toyota RAV4<br \/>\n37 &#8211; Suzuki Swift IJ E93<br \/>\n38 &#8211; <a href=\"http:\/\/eyjolfur.is\/?page_id=1869\">Dodge RAM Big Horn<\/a><br \/>\n39 &#8211; Ford Taurus<br \/>\n40 &#8211; Jeep Grand Cherokee Overland<br \/>\n41 &#8211; Suzuki Swift KJ S24<br \/>\n42 &#8211; Suzuki Grand Vitara EB F38<br \/>\n43 &#8211; Dodge Dakota SY 825<br \/>\n44 &#8211; Kia Sportage<\/p>\nngg_shortcode_0_placeholder\n<h3>Related Images:<\/h3>","protected":false},"excerpt":{"rendered":"<p>H\u00e9r er yfirlit yfir b\u00edlana sem \u00e9g hef \u00e1tt \u00ed gegum t\u00ed\u00f0ina. M\u00f6gulega hafa einhverjir gleymst, t.d. fann \u00e9g afsal fr\u00e1 J\u00f3a Vigg\u00f3ssyni l\u00f6ggu (\u00ed K\u00f3pavogi) \u00fear sem hann selur m\u00e9r Y-137 Opel Kadett, en \u00e9g man ekkert eftir \u00feeim &hellip; <a href=\"http:\/\/eyjolfur.is\/?page_id=149\">Continue reading <span class=\"meta-nav\">&rarr;<\/span><\/a><\/p>\n","protected":false},"author":1,"featured_media":0,"parent":162,"menu_order":1,"comment_status":"open","ping_status":"open","template":"","meta":{"ngg_post_thumbnail":0,"footnotes":""},"class_list":["post-149","page","type-page","status-publish","hentry"],"_links":{"self":[{"href":"http:\/\/eyjolfur.is\/index.php?rest_route=\/wp\/v2\/pages\/149","targetHints":{"allow":["GET"]}}],"collection":[{"href":"http:\/\/eyjolfur.is\/index.php?rest_route=\/wp\/v2\/pages"}],"about":[{"href":"http:\/\/eyjolfur.is\/index.php?rest_route=\/wp\/v2\/types\/page"}],"author":[{"embeddable":true,"href":"http:\/\/eyjolfur.is\/index.php?rest_route=\/wp\/v2\/users\/1"}],"replies":[{"embeddable":true,"href":"http:\/\/eyjolfur.is\/index.php?rest_route=%2Fwp%2Fv2%2Fcomments&post=149"}],"version-history":[{"count":34,"href":"http:\/\/eyjolfur.is\/index.php?rest_route=\/wp\/v2\/pages\/149\/revisions"}],"predecessor-version":[{"id":2418,"href":"http:\/\/eyjolfur.is\/index.php?rest_route=\/wp\/v2\/pages\/149\/revisions\/2418"}],"up":[{"embeddable":true,"href":"http:\/\/eyjolfur.is\/index.php?rest_route=\/wp\/v2\/pages\/162"}],"wp:attachment":[{"href":"http:\/\/eyjolfur.is\/index.php?rest_route=%2Fwp%2Fv2%2Fmedia&parent=149"}],"curies":[{"name":"wp","href":"https:\/\/api.w.org\/{rel}","templated":true}]}}