{"id":2363,"date":"2020-07-24T12:24:12","date_gmt":"2020-07-24T12:24:12","guid":{"rendered":"http:\/\/eyjolfur.is\/?page_id=2363"},"modified":"2024-05-20T12:18:01","modified_gmt":"2024-05-20T12:18:01","slug":"10-chrysler-lebaron","status":"publish","type":"page","link":"http:\/\/eyjolfur.is\/?page_id=2363","title":{"rendered":"10 &#8211; 1979 Chrysler LeBaron Town &#038; Country"},"content":{"rendered":"\n<p><a href=\"https:\/\/photos.app.goo.gl\/f2jvTgC9DYQzPTgT9\">https:\/\/photos.app.goo.gl\/f2jvTgC9DYQzPTgT9<\/a><\/p>\n\n\n\n<p>\u00c1 einhverju af m\u00f6rgum samdr\u00e1ttarskei\u00f0um var\u00f0 \u00feessi fyrir valinu hj\u00e1 m\u00e9r, enginn fj\u00f3rhj\u00f3ladrifinn jeppi \u00feann daginn.<br>Hann s\u00fdndi svo sem \u00fereytumerki, en hla\u00f0inn \u00feess t\u00edma muna\u00f0i, le\u00f0urkl\u00e6ddur, 360 v\u00e9l a\u00f0 \u00fev\u00ed mig minnir, eyddi helling. <br>\u00deetta var sk\u00f6mmu eftir a\u00f0 vi\u00f0 keyptum af J\u00f3ni H\u00e1koni, og gott ef hann var ekki tekinn upp\u00ed annan n\u00fdrri LeBaron.<\/p>\n<h3>Related Images:<\/h3>","protected":false},"excerpt":{"rendered":"<p>https:\/\/photos.app.goo.gl\/f2jvTgC9DYQzPTgT9 \u00c1 einhverju af m\u00f6rgum samdr\u00e1ttarskei\u00f0um var\u00f0 \u00feessi fyrir valinu hj\u00e1 m\u00e9r, enginn fj\u00f3rhj\u00f3ladrifinn jeppi \u00feann daginn.Hann s\u00fdndi svo sem \u00fereytumerki, en hla\u00f0inn \u00feess t\u00edma muna\u00f0i, le\u00f0urkl\u00e6ddur, 360 v\u00e9l a\u00f0 \u00fev\u00ed mig minnir, eyddi helling. \u00deetta var sk\u00f6mmu eftir a\u00f0 &hellip; <a href=\"http:\/\/eyjolfur.is\/?page_id=2363\">Continue reading <span class=\"meta-nav\">&rarr;<\/span><\/a><\/p>\n","protected":false},"author":1,"featured_media":0,"parent":149,"menu_order":10,"comment_status":"closed","ping_status":"closed","template":"","meta":{"ngg_post_thumbnail":0,"footnotes":""},"class_list":["post-2363","page","type-page","status-publish","hentry"],"_links":{"self":[{"href":"http:\/\/eyjolfur.is\/index.php?rest_route=\/wp\/v2\/pages\/2363","targetHints":{"allow":["GET"]}}],"collection":[{"href":"http:\/\/eyjolfur.is\/index.php?rest_route=\/wp\/v2\/pages"}],"about":[{"href":"http:\/\/eyjolfur.is\/index.php?rest_route=\/wp\/v2\/types\/page"}],"author":[{"embeddable":true,"href":"http:\/\/eyjolfur.is\/index.php?rest_route=\/wp\/v2\/users\/1"}],"replies":[{"embeddable":true,"href":"http:\/\/eyjolfur.is\/index.php?rest_route=%2Fwp%2Fv2%2Fcomments&post=2363"}],"version-history":[{"count":2,"href":"http:\/\/eyjolfur.is\/index.php?rest_route=\/wp\/v2\/pages\/2363\/revisions"}],"predecessor-version":[{"id":2478,"href":"http:\/\/eyjolfur.is\/index.php?rest_route=\/wp\/v2\/pages\/2363\/revisions\/2478"}],"up":[{"embeddable":true,"href":"http:\/\/eyjolfur.is\/index.php?rest_route=\/wp\/v2\/pages\/149"}],"wp:attachment":[{"href":"http:\/\/eyjolfur.is\/index.php?rest_route=%2Fwp%2Fv2%2Fmedia&parent=2363"}],"curies":[{"name":"wp","href":"https:\/\/api.w.org\/{rel}","templated":true}]}}