{"id":421,"date":"2013-09-01T09:41:16","date_gmt":"2013-09-01T09:41:16","guid":{"rendered":"http:\/\/eyjolfur.is\/?page_id=421"},"modified":"2017-01-24T11:46:26","modified_gmt":"2017-01-24T11:46:26","slug":"birta","status":"publish","type":"page","link":"http:\/\/eyjolfur.is\/?page_id=421","title":{"rendered":"Birta"},"content":{"rendered":"<p>\u00dea\u00f0 voru d\u00f6kkir t\u00edmar \u00ed okkar fj\u00e1rhagslega umhverfi \u00feegar Birta kom inn \u00ed l\u00edf okkar, en birta fylgdi henni. \u00cd hreyfimynd h\u00e9r ne\u00f0ar \u00e1 s\u00ed\u00f0unni er stikla\u00f0 \u00e1 st\u00f3ru \u00ed hennar \u00f6rstutta l\u00edfshlaupi. <\/p>\n<p><a href=\"https:\/\/goo.gl\/photos\/6Wyj3BUwfWeYJtaD8\"><\/a><br \/>\nngg_shortcode_0_placeholder<\/p>\n<p>&nbsp;<\/p>\n<p>http:\/\/www.youtube.com\/watch?v=mapj9-YV8Wg<br \/>\nhttp:\/\/www.youtube.com\/watch?v=s5vCPIo7e6w<\/p>\n<h3>Related Images:<\/h3>","protected":false},"excerpt":{"rendered":"<p>\u00dea\u00f0 voru d\u00f6kkir t\u00edmar \u00ed okkar fj\u00e1rhagslega umhverfi \u00feegar Birta kom inn \u00ed l\u00edf okkar, en birta fylgdi henni. \u00cd hreyfimynd h\u00e9r ne\u00f0ar \u00e1 s\u00ed\u00f0unni er stikla\u00f0 \u00e1 st\u00f3ru \u00ed hennar \u00f6rstutta l\u00edfshlaupi. &nbsp; http:\/\/www.youtube.com\/watch?v=mapj9-YV8Wg http:\/\/www.youtube.com\/watch?v=s5vCPIo7e6w Related Images:<\/p>\n","protected":false},"author":1,"featured_media":0,"parent":135,"menu_order":7,"comment_status":"open","ping_status":"open","template":"","meta":{"ngg_post_thumbnail":0,"footnotes":""},"class_list":["post-421","page","type-page","status-publish","hentry"],"_links":{"self":[{"href":"http:\/\/eyjolfur.is\/index.php?rest_route=\/wp\/v2\/pages\/421","targetHints":{"allow":["GET"]}}],"collection":[{"href":"http:\/\/eyjolfur.is\/index.php?rest_route=\/wp\/v2\/pages"}],"about":[{"href":"http:\/\/eyjolfur.is\/index.php?rest_route=\/wp\/v2\/types\/page"}],"author":[{"embeddable":true,"href":"http:\/\/eyjolfur.is\/index.php?rest_route=\/wp\/v2\/users\/1"}],"replies":[{"embeddable":true,"href":"http:\/\/eyjolfur.is\/index.php?rest_route=%2Fwp%2Fv2%2Fcomments&post=421"}],"version-history":[{"count":16,"href":"http:\/\/eyjolfur.is\/index.php?rest_route=\/wp\/v2\/pages\/421\/revisions"}],"predecessor-version":[{"id":2072,"href":"http:\/\/eyjolfur.is\/index.php?rest_route=\/wp\/v2\/pages\/421\/revisions\/2072"}],"up":[{"embeddable":true,"href":"http:\/\/eyjolfur.is\/index.php?rest_route=\/wp\/v2\/pages\/135"}],"wp:attachment":[{"href":"http:\/\/eyjolfur.is\/index.php?rest_route=%2Fwp%2Fv2%2Fmedia&parent=421"}],"curies":[{"name":"wp","href":"https:\/\/api.w.org\/{rel}","templated":true}]}}