{"id":151,"date":"2010-12-14T15:06:34","date_gmt":"2010-12-14T15:06:34","guid":{"rendered":"http:\/\/eyjolfur.is\/?page_id=151"},"modified":"2016-01-30T07:36:28","modified_gmt":"2016-01-30T07:36:28","slug":"gamlir-bilar","status":"publish","type":"page","link":"https:\/\/eyjolfur.is\/?page_id=151","title":{"rendered":"Gamlir b\u00edlar"},"content":{"rendered":"<p>Fyrsti fornb\u00edllinn &#8211; <a href=\"http:\/\/eyjolfur.is\/?page_id=1593\">34 Ford Victoria<\/a>.<br \/>\nAnnar fornb\u00edllinn &#8211; <a href=\"http:\/\/eyjolfur.is\/?page_id=1598\">59 Thunderbird<\/a>.<br \/>\n\u00deri\u00f0ji fornb\u00edllinn &#8211; <a href=\"http:\/\/eyjolfur.is\/?page_id=1600\">64 Thunderbird<\/a>.<br \/>\nFj\u00f3r\u00f0i fornb\u00edllinn &#8211; <a href=\"http:\/\/eyjolfur.is\/?page_id=1602\">55 Mercury Monterey<\/a>.<br \/>\nFimmti fornb\u00edllinn &#8211; <a href=\"http:\/\/eyjolfur.is\/?page_id=1613\">68 Cadillac Eldorado<\/a>.<br \/>\nSj\u00f6tti fornb\u00edllinn &#8211; <a href=\"http:\/\/eyjolfur.is\/?page_id=1615\">59 Plymouth Fury<\/a>.<br \/>\nSj\u00f6undi fornb\u00edllinn &#8211; <a href=\"http:\/\/eyjolfur.is\/?page_id=1617\">55 Ford Crown Victoria<\/a>.<br \/>\n\u00c1ttundi fornb\u00edllinn &#8211; <a href=\"http:\/\/eyjolfur.is\/?page_id=1619\">61 Chrysler 300G<\/a>.<br \/>\nN\u00edundi fornb\u00edllinn &#8211; <a href=\"http:\/\/eyjolfur.is\/?page_id=1621\">69 Dodge SuperBee<\/a>.<\/p>\n<p>B\u00edladellan reyndist \u00f6rlagavaldur \u00ed m\u00ednu l\u00edfi &#8211; kom m\u00e9r \u00ed fer\u00f0al\u00f6g um allt land vi\u00f0 leit a\u00f0 draumab\u00edlnum &#8211; kom m\u00e9r \u00ed J\u00f6fur &#8211; og seinna \u00ed fer\u00f0al\u00f6g til Amer\u00edku \u00fear sem nokkrir g\u00f3\u00f0ir voru keyptir.<\/p>\n<p>Eftir a\u00f0 flugdellunni lauk l\u00e1 \u00e9g yfir b\u00edlabl\u00f6\u00f0um, \u00fdmist keypti \u00e9g m\u00e9r \u00feau \u00ed b\u00f3kaverslun Sigf\u00fasar Eymundssonar, \u00feegar \u00e9g \u00e1tti pening, e\u00f0a f\u00e9kk bl\u00f6\u00f0 a\u00f0 l\u00e1ni fr\u00e1 Bandar\u00edska b\u00f3kasafninu, sem \u00fe\u00e1 var \u00ed B\u00e6ndah\u00f6llinni (H\u00f3tel S\u00f6gu). Eins f\u00f6ndra\u00f0i \u00e9g s\u00edfellt vi\u00f0 a\u00f0 teikna b\u00edla, en b\u00edlam\u00f3delin t\u00f3ku svo miki\u00f0 til vi\u00f0 af teiknidundinu seinna.<\/p>\n<p>B\u00edlunum eru ger\u00f0 skil h\u00e9r, og f\u00e6r hver b\u00edll s\u00edna s\u00ed\u00f0u.<\/p>\n<p><iframe loading=\"lazy\" title=\"1934 Ford Victoria\" width=\"620\" height=\"349\" src=\"https:\/\/www.youtube.com\/embed\/OmWIYbyNbDc?feature=oembed\" frameborder=\"0\" allow=\"accelerometer; autoplay; clipboard-write; encrypted-media; gyroscope; picture-in-picture; web-share\" referrerpolicy=\"strict-origin-when-cross-origin\" allowfullscreen><\/iframe><br \/>\n<iframe loading=\"lazy\" title=\"1959 Thunderbird\" width=\"620\" height=\"349\" src=\"https:\/\/www.youtube.com\/embed\/cpe3IdNJnq4?feature=oembed\" frameborder=\"0\" allow=\"accelerometer; autoplay; clipboard-write; encrypted-media; gyroscope; picture-in-picture; web-share\" referrerpolicy=\"strict-origin-when-cross-origin\" allowfullscreen><\/iframe><br \/>\n<iframe loading=\"lazy\" title=\"1955 Mercury\" width=\"620\" height=\"349\" src=\"https:\/\/www.youtube.com\/embed\/5uG1eBVx1WQ?feature=oembed\" frameborder=\"0\" allow=\"accelerometer; autoplay; clipboard-write; encrypted-media; gyroscope; picture-in-picture; web-share\" referrerpolicy=\"strict-origin-when-cross-origin\" allowfullscreen><\/iframe><br \/>\n<iframe loading=\"lazy\" title=\"Fornb\u00edlakl\u00fabburinn \u00e1 fer\u00f0 25 september 1988\" width=\"620\" height=\"349\" src=\"https:\/\/www.youtube.com\/embed\/lPDMu97wpdw?feature=oembed\" frameborder=\"0\" allow=\"accelerometer; autoplay; clipboard-write; encrypted-media; gyroscope; picture-in-picture; web-share\" referrerpolicy=\"strict-origin-when-cross-origin\" allowfullscreen><\/iframe><br \/>\n<iframe loading=\"lazy\" title=\"1959 Plymouth Fury\" width=\"620\" height=\"349\" src=\"https:\/\/www.youtube.com\/embed\/cyKXKn5GzXs?feature=oembed\" frameborder=\"0\" allow=\"accelerometer; autoplay; clipboard-write; encrypted-media; gyroscope; picture-in-picture; web-share\" referrerpolicy=\"strict-origin-when-cross-origin\" allowfullscreen><\/iframe><br \/>\n<iframe loading=\"lazy\" title=\"1961 Chrysler 300 G\" width=\"620\" height=\"349\" src=\"https:\/\/www.youtube.com\/embed\/qCaexsfTDCg?feature=oembed\" frameborder=\"0\" allow=\"accelerometer; autoplay; clipboard-write; encrypted-media; gyroscope; picture-in-picture; web-share\" referrerpolicy=\"strict-origin-when-cross-origin\" allowfullscreen><\/iframe><br \/>\n<iframe loading=\"lazy\" title=\"1955 Ford Crown Victoria kemur heim - j\u00fal\u00ed 1990\" width=\"620\" height=\"349\" src=\"https:\/\/www.youtube.com\/embed\/mFGK-OK4wIo?feature=oembed\" frameborder=\"0\" allow=\"accelerometer; autoplay; clipboard-write; encrypted-media; gyroscope; picture-in-picture; web-share\" referrerpolicy=\"strict-origin-when-cross-origin\" allowfullscreen><\/iframe><br \/>\nhttp:\/\/www.youtube.com\/watch?v=nuxHSVRCM5s<br \/>\nhttp:\/\/www.youtube.com\/watch?v=Fq-QFDI2eHM<br \/>\n<iframe loading=\"lazy\" title=\"Fornb\u00edlar \u00ed T\u00edvol\u00ed 1987\" width=\"620\" height=\"349\" src=\"https:\/\/www.youtube.com\/embed\/TMrnRLhC5es?feature=oembed\" frameborder=\"0\" allow=\"accelerometer; autoplay; clipboard-write; encrypted-media; gyroscope; picture-in-picture; web-share\" referrerpolicy=\"strict-origin-when-cross-origin\" allowfullscreen><\/iframe><br \/>\n<iframe loading=\"lazy\" title=\"FB\u00cd - fornb\u00edlas\u00fdning 1989 - fram a\u00f0 r\u00e6\u00f0uh\u00f6ldum\" width=\"620\" height=\"349\" src=\"https:\/\/www.youtube.com\/embed\/r59wqrqBv-A?feature=oembed\" frameborder=\"0\" allow=\"accelerometer; autoplay; clipboard-write; encrypted-media; gyroscope; picture-in-picture; web-share\" referrerpolicy=\"strict-origin-when-cross-origin\" allowfullscreen><\/iframe><br \/>\n<iframe loading=\"lazy\" title=\"FB\u00cd 17 06 1982\" width=\"620\" height=\"465\" src=\"https:\/\/www.youtube.com\/embed\/CbhE1GiEidE?feature=oembed\" frameborder=\"0\" allow=\"accelerometer; autoplay; clipboard-write; encrypted-media; gyroscope; picture-in-picture; web-share\" referrerpolicy=\"strict-origin-when-cross-origin\" allowfullscreen><\/iframe><br \/>\nhttp:\/\/www.youtube.com\/watch?v=ShoROpXODMg<br \/>\nhttp:\/\/www.youtube.com\/watch?v=j6f0iZPzxpU<br \/>\n<iframe loading=\"lazy\" title=\"Bone Symphony - It&#039;s A Jungle Out There\" width=\"620\" height=\"465\" src=\"https:\/\/www.youtube.com\/embed\/vtjx48Ff3uA?feature=oembed\" frameborder=\"0\" allow=\"accelerometer; autoplay; clipboard-write; encrypted-media; gyroscope; picture-in-picture; web-share\" referrerpolicy=\"strict-origin-when-cross-origin\" allowfullscreen><\/iframe><\/p>\n<h3>Related Images:<\/h3>","protected":false},"excerpt":{"rendered":"<p>Fyrsti fornb\u00edllinn &#8211; 34 Ford Victoria. Annar fornb\u00edllinn &#8211; 59 Thunderbird. \u00deri\u00f0ji fornb\u00edllinn &#8211; 64 Thunderbird. Fj\u00f3r\u00f0i fornb\u00edllinn &#8211; 55 Mercury Monterey. Fimmti fornb\u00edllinn &#8211; 68 Cadillac Eldorado. Sj\u00f6tti fornb\u00edllinn &#8211; 59 Plymouth Fury. Sj\u00f6undi fornb\u00edllinn &#8211; 55 Ford Crown &hellip; <a href=\"https:\/\/eyjolfur.is\/?page_id=151\">Continue reading <span class=\"meta-nav\">&rarr;<\/span><\/a><\/p>\n","protected":false},"author":1,"featured_media":0,"parent":162,"menu_order":2,"comment_status":"open","ping_status":"open","template":"","meta":{"ngg_post_thumbnail":0,"footnotes":""},"class_list":["post-151","page","type-page","status-publish","hentry"],"_links":{"self":[{"href":"https:\/\/eyjolfur.is\/index.php?rest_route=\/wp\/v2\/pages\/151","targetHints":{"allow":["GET"]}}],"collection":[{"href":"https:\/\/eyjolfur.is\/index.php?rest_route=\/wp\/v2\/pages"}],"about":[{"href":"https:\/\/eyjolfur.is\/index.php?rest_route=\/wp\/v2\/types\/page"}],"author":[{"embeddable":true,"href":"https:\/\/eyjolfur.is\/index.php?rest_route=\/wp\/v2\/users\/1"}],"replies":[{"embeddable":true,"href":"https:\/\/eyjolfur.is\/index.php?rest_route=%2Fwp%2Fv2%2Fcomments&post=151"}],"version-history":[{"count":64,"href":"https:\/\/eyjolfur.is\/index.php?rest_route=\/wp\/v2\/pages\/151\/revisions"}],"predecessor-version":[{"id":1718,"href":"https:\/\/eyjolfur.is\/index.php?rest_route=\/wp\/v2\/pages\/151\/revisions\/1718"}],"up":[{"embeddable":true,"href":"https:\/\/eyjolfur.is\/index.php?rest_route=\/wp\/v2\/pages\/162"}],"wp:attachment":[{"href":"https:\/\/eyjolfur.is\/index.php?rest_route=%2Fwp%2Fv2%2Fmedia&parent=151"}],"curies":[{"name":"wp","href":"https:\/\/api.w.org\/{rel}","templated":true}]}}