{"id":183,"date":"2010-12-14T15:52:50","date_gmt":"2010-12-14T15:52:50","guid":{"rendered":"http:\/\/eyjolfur.is\/?page_id=183"},"modified":"2014-10-31T18:38:19","modified_gmt":"2014-10-31T18:38:19","slug":"usa-1989","status":"publish","type":"page","link":"https:\/\/eyjolfur.is\/?page_id=183","title":{"rendered":"USA 1989"},"content":{"rendered":"<div>\n<div>\u00cd  tilefni af sj\u00f6tugsafm\u00e6li pabba var lagt af sta\u00f0 \u00ed fer\u00f0 su\u00f0ur &#8211; og  vestur &#8211; \u00e1 b\u00f3ginn 1989, og sta\u00f0n\u00e6mst \u00ed Florida eftir t\u00e6par \u00e1tta  klukkustundir \u00ed flugv\u00e9l.<\/div>\n<div>Vi\u00f0  Steina &#8211; og \u00e1\u00f0ur vi\u00f0 Rannveig, h\u00f6f\u00f0um veri\u00f0 \u00e1rlegir gestir \u00ed Florida,  en gaman \u00fe\u00f3tti okkur samt a\u00f0 sj\u00e1 Florida me\u00f0 augum pabba og m\u00f6mmu, sem  aldrei \u00e1\u00f0ur h\u00f6f\u00f0u komi\u00f0 \u00fear.<\/div>\n<\/div>\nngg_shortcode_0_placeholder\n<h3>Related Images:<\/h3>","protected":false},"excerpt":{"rendered":"<p>\u00cd tilefni af sj\u00f6tugsafm\u00e6li pabba var lagt af sta\u00f0 \u00ed fer\u00f0 su\u00f0ur &#8211; og vestur &#8211; \u00e1 b\u00f3ginn 1989, og sta\u00f0n\u00e6mst \u00ed Florida eftir t\u00e6par \u00e1tta klukkustundir \u00ed flugv\u00e9l. Vi\u00f0 Steina &#8211; og \u00e1\u00f0ur vi\u00f0 Rannveig, h\u00f6f\u00f0um veri\u00f0 \u00e1rlegir gestir &hellip; <a href=\"https:\/\/eyjolfur.is\/?page_id=183\">Continue reading <span class=\"meta-nav\">&rarr;<\/span><\/a><\/p>\n","protected":false},"author":1,"featured_media":0,"parent":169,"menu_order":3,"comment_status":"open","ping_status":"open","template":"","meta":{"ngg_post_thumbnail":0,"footnotes":""},"class_list":["post-183","page","type-page","status-publish","hentry"],"_links":{"self":[{"href":"https:\/\/eyjolfur.is\/index.php?rest_route=\/wp\/v2\/pages\/183","targetHints":{"allow":["GET"]}}],"collection":[{"href":"https:\/\/eyjolfur.is\/index.php?rest_route=\/wp\/v2\/pages"}],"about":[{"href":"https:\/\/eyjolfur.is\/index.php?rest_route=\/wp\/v2\/types\/page"}],"author":[{"embeddable":true,"href":"https:\/\/eyjolfur.is\/index.php?rest_route=\/wp\/v2\/users\/1"}],"replies":[{"embeddable":true,"href":"https:\/\/eyjolfur.is\/index.php?rest_route=%2Fwp%2Fv2%2Fcomments&post=183"}],"version-history":[{"count":5,"href":"https:\/\/eyjolfur.is\/index.php?rest_route=\/wp\/v2\/pages\/183\/revisions"}],"predecessor-version":[{"id":988,"href":"https:\/\/eyjolfur.is\/index.php?rest_route=\/wp\/v2\/pages\/183\/revisions\/988"}],"up":[{"embeddable":true,"href":"https:\/\/eyjolfur.is\/index.php?rest_route=\/wp\/v2\/pages\/169"}],"wp:attachment":[{"href":"https:\/\/eyjolfur.is\/index.php?rest_route=%2Fwp%2Fv2%2Fmedia&parent=183"}],"curies":[{"name":"wp","href":"https:\/\/api.w.org\/{rel}","templated":true}]}}