{"id":231,"date":"2010-12-14T18:16:59","date_gmt":"2010-12-14T18:16:59","guid":{"rendered":"http:\/\/eyjolfur.is\/?page_id=231"},"modified":"2014-10-31T18:27:57","modified_gmt":"2014-10-31T18:27:57","slug":"bilar-barna","status":"publish","type":"page","link":"https:\/\/eyjolfur.is\/?page_id=231","title":{"rendered":"B\u00edlar Barna"},"content":{"rendered":"<p>H\u00e9r koma myndir af \u00fdmsum skrj\u00f3\u00f0um sem krakkarnir m\u00ednir hafa eignast \u00ed gegnum t\u00ed\u00f0ina.<\/p>\nngg_shortcode_0_placeholder\n<p>&nbsp;<\/p>\n<p>http:\/\/www.youtube.com\/watch?v=S4pDtbBwzGM<\/p>\n<p><iframe loading=\"lazy\" title=\"Snemma byrja\u00f0i Drifti\u00f0\" width=\"620\" height=\"349\" src=\"https:\/\/www.youtube.com\/embed\/Xjsj5aJdnJg?feature=oembed\" frameborder=\"0\" allow=\"accelerometer; autoplay; clipboard-write; encrypted-media; gyroscope; picture-in-picture; web-share\" referrerpolicy=\"strict-origin-when-cross-origin\" allowfullscreen><\/iframe><\/p>\n<p><iframe loading=\"lazy\" title=\"Drifta\u00f0 - \u00feanga\u00f0 til dekkin loga\" width=\"620\" height=\"349\" src=\"https:\/\/www.youtube.com\/embed\/G5H-l6d4rpE?feature=oembed\" frameborder=\"0\" allow=\"accelerometer; autoplay; clipboard-write; encrypted-media; gyroscope; picture-in-picture; web-share\" referrerpolicy=\"strict-origin-when-cross-origin\" allowfullscreen><\/iframe><\/p>\n<p><iframe loading=\"lazy\" title=\"Drift \u00e6fing 2013 - \u00de\u00f3rir \u00d6rn s\u00fdnir hvernig \u00e1 a\u00f0 gera \u00feetta\" width=\"620\" height=\"349\" src=\"https:\/\/www.youtube.com\/embed\/q2nAy3SPKOo?feature=oembed\" frameborder=\"0\" allow=\"accelerometer; autoplay; clipboard-write; encrypted-media; gyroscope; picture-in-picture; web-share\" referrerpolicy=\"strict-origin-when-cross-origin\" allowfullscreen><\/iframe><\/p>\n<p><iframe loading=\"lazy\" title=\"\u00de\u00f3rir \u00d6rn   driftkeppni Akureyri\" width=\"620\" height=\"349\" src=\"https:\/\/www.youtube.com\/embed\/QZG6FBEEhb8?feature=oembed\" frameborder=\"0\" allow=\"accelerometer; autoplay; clipboard-write; encrypted-media; gyroscope; picture-in-picture; web-share\" referrerpolicy=\"strict-origin-when-cross-origin\" allowfullscreen><\/iframe><\/p>\n<p>http:\/\/www.youtube.com\/watch?v=aFNk69ZIyXo<\/p>\n<p>http:\/\/www.youtube.com\/watch?v=UoryUUmpS1I<\/p>\n<p>http:\/\/www.youtube.com\/watch?v=TfD_2mLQ3tw<\/p>\n<p>http:\/\/www.youtube.com\/watch?v=_YD7ZyH4A8o<\/p>\n<h3>Related Images:<\/h3>","protected":false},"excerpt":{"rendered":"<p>H\u00e9r koma myndir af \u00fdmsum skrj\u00f3\u00f0um sem krakkarnir m\u00ednir hafa eignast \u00ed gegnum t\u00ed\u00f0ina. &nbsp; http:\/\/www.youtube.com\/watch?v=S4pDtbBwzGM http:\/\/www.youtube.com\/watch?v=aFNk69ZIyXo http:\/\/www.youtube.com\/watch?v=UoryUUmpS1I http:\/\/www.youtube.com\/watch?v=TfD_2mLQ3tw http:\/\/www.youtube.com\/watch?v=_YD7ZyH4A8o Related Images:<\/p>\n","protected":false},"author":1,"featured_media":0,"parent":162,"menu_order":0,"comment_status":"open","ping_status":"open","template":"","meta":{"ngg_post_thumbnail":0,"footnotes":""},"class_list":["post-231","page","type-page","status-publish","hentry"],"_links":{"self":[{"href":"https:\/\/eyjolfur.is\/index.php?rest_route=\/wp\/v2\/pages\/231","targetHints":{"allow":["GET"]}}],"collection":[{"href":"https:\/\/eyjolfur.is\/index.php?rest_route=\/wp\/v2\/pages"}],"about":[{"href":"https:\/\/eyjolfur.is\/index.php?rest_route=\/wp\/v2\/types\/page"}],"author":[{"embeddable":true,"href":"https:\/\/eyjolfur.is\/index.php?rest_route=\/wp\/v2\/users\/1"}],"replies":[{"embeddable":true,"href":"https:\/\/eyjolfur.is\/index.php?rest_route=%2Fwp%2Fv2%2Fcomments&post=231"}],"version-history":[{"count":19,"href":"https:\/\/eyjolfur.is\/index.php?rest_route=\/wp\/v2\/pages\/231\/revisions"}],"predecessor-version":[{"id":951,"href":"https:\/\/eyjolfur.is\/index.php?rest_route=\/wp\/v2\/pages\/231\/revisions\/951"}],"up":[{"embeddable":true,"href":"https:\/\/eyjolfur.is\/index.php?rest_route=\/wp\/v2\/pages\/162"}],"wp:attachment":[{"href":"https:\/\/eyjolfur.is\/index.php?rest_route=%2Fwp%2Fv2%2Fmedia&parent=231"}],"curies":[{"name":"wp","href":"https:\/\/api.w.org\/{rel}","templated":true}]}}