{"id":2365,"date":"2020-07-24T12:29:51","date_gmt":"2020-07-24T12:29:51","guid":{"rendered":"http:\/\/eyjolfur.is\/?page_id=2365"},"modified":"2024-05-19T14:10:51","modified_gmt":"2024-05-19T14:10:51","slug":"11-1979-dodge-ramcharger","status":"publish","type":"page","link":"https:\/\/eyjolfur.is\/?page_id=2365","title":{"rendered":"11 &#8211; 1979 Dodge Ramcharger"},"content":{"rendered":"\n<p>\u00deessi var \u00e1 lagernum \u00ed tolli \u00feegar vi\u00f0 t\u00f3kum Chrysler yfir, \u00e1samt \u00f6\u00f0rum 79 Ramcharger, s\u00e1 var tv\u00edlitur gr\u00e6nn.<br>Ragnar \u00e1kva\u00f0 a\u00f0 vi\u00f0 skyldum draga, hann &#8220;tapa\u00f0i&#8221;, og f\u00e9kk \u00feann gr\u00e6na. S\u00e1 var me\u00f0 318 v\u00e9l, en a\u00f0 \u00f6\u00f0ru leyti eins \u00fatb\u00fainn.<br>Minn var me\u00f0 360 og QuadraTrack s\u00eddrifi. \u00c9g held a\u00f0 enginn minna b\u00edla hafi veri\u00f0 jafn ey\u00f0slufrekur og \u00feessi.<\/p>\n\n\n\n<p><a href=\"https:\/\/photos.app.goo.gl\/kTPbWCTdLi6UtN6F7\">https:\/\/photos.app.goo.gl\/kTPbWCTdLi6UtN6F7<\/a><\/p>\n<h3>Related Images:<\/h3>","protected":false},"excerpt":{"rendered":"<p>\u00deessi var \u00e1 lagernum \u00ed tolli \u00feegar vi\u00f0 t\u00f3kum Chrysler yfir, \u00e1samt \u00f6\u00f0rum 79 Ramcharger, s\u00e1 var tv\u00edlitur gr\u00e6nn.Ragnar \u00e1kva\u00f0 a\u00f0 vi\u00f0 skyldum draga, hann &#8220;tapa\u00f0i&#8221;, og f\u00e9kk \u00feann gr\u00e6na. S\u00e1 var me\u00f0 318 v\u00e9l, en a\u00f0 \u00f6\u00f0ru leyti eins &hellip; <a href=\"https:\/\/eyjolfur.is\/?page_id=2365\">Continue reading <span class=\"meta-nav\">&rarr;<\/span><\/a><\/p>\n","protected":false},"author":1,"featured_media":0,"parent":149,"menu_order":11,"comment_status":"closed","ping_status":"closed","template":"","meta":{"ngg_post_thumbnail":0,"footnotes":""},"class_list":["post-2365","page","type-page","status-publish","hentry"],"_links":{"self":[{"href":"https:\/\/eyjolfur.is\/index.php?rest_route=\/wp\/v2\/pages\/2365","targetHints":{"allow":["GET"]}}],"collection":[{"href":"https:\/\/eyjolfur.is\/index.php?rest_route=\/wp\/v2\/pages"}],"about":[{"href":"https:\/\/eyjolfur.is\/index.php?rest_route=\/wp\/v2\/types\/page"}],"author":[{"embeddable":true,"href":"https:\/\/eyjolfur.is\/index.php?rest_route=\/wp\/v2\/users\/1"}],"replies":[{"embeddable":true,"href":"https:\/\/eyjolfur.is\/index.php?rest_route=%2Fwp%2Fv2%2Fcomments&post=2365"}],"version-history":[{"count":2,"href":"https:\/\/eyjolfur.is\/index.php?rest_route=\/wp\/v2\/pages\/2365\/revisions"}],"predecessor-version":[{"id":2469,"href":"https:\/\/eyjolfur.is\/index.php?rest_route=\/wp\/v2\/pages\/2365\/revisions\/2469"}],"up":[{"embeddable":true,"href":"https:\/\/eyjolfur.is\/index.php?rest_route=\/wp\/v2\/pages\/149"}],"wp:attachment":[{"href":"https:\/\/eyjolfur.is\/index.php?rest_route=%2Fwp%2Fv2%2Fmedia&parent=2365"}],"curies":[{"name":"wp","href":"https:\/\/api.w.org\/{rel}","templated":true}]}}